be (25/1)/(c/266). Calculate the greatest common divisor of t and 19.
19
Suppose -68*t + 28890 = 27530. Let v(x) = -x**3 + 6*x**2 - 3*x - 5. Let q be v(5). Suppose -24 + 4 = -q*y. Calculate the greatest common factor of y and t.
4
Suppose 0*r = -5*y - 5*r - 240, 0 = 4*y - 2*r + 204. Let v = 71 - y. Calculate the highest common factor of v and 11.
11
Let i be (51/34)/((-5)/(20/(-3))). Suppose -s + g = -i*g - 63, 0 = 3*g - 3. What is the greatest common factor of 24 and s?
6
Let m = 391 - 390. Suppose 0 = -7*a + 92 - m. Let w be 2/(-2 + 0)*-26. What is the greatest common factor of w and a?
13
Let w = -388 + 442. Let s = 14 - 13. Let r be (33/(-21) - s)*-14. Calculate the highest common factor of w and r.
18
Let u = -1050 - -1497. Suppose 0 = -26*r + u + 1893. Suppose -g = -0*o - 3*o - 36, -2*g - o = -72. Calculate the greatest common factor of r and g.
18
Suppose 0 = 4*q - 3*x + 349, 2*x - 28 = 2*q + 146. Let y = -81 - q. Suppose y*w = 10*w - 252. Calculate the greatest common factor of 28 and w.
28
Let d(q) = q**3 + 28*q**2 - 64*q - 28. Let o be d(-28). Suppose o = 245*s - 241*s. What is the greatest common divisor of 98 and s?
49
Suppose 289*j - 293*j - 87 = -a, -20 = 4*j. What is the greatest common factor of a and 80400?
67
Let d(y) = y**2 + 9*y - 42. Let u be d(-12). Let v(n) = -7*n - 36. Let q be v(u). Calculate the highest common divisor of 9 and q.
3
Suppose -562 - 608 = -13*f. Suppose -72 = -27*n + f. Let i = -14 + 38. Calculate the greatest common factor of n and i.
6
Let y be ((-672)/(-40) - (9 - -8)) + (-511)/(-5). What is the highest common divisor of y and 1938?
102
Suppose -194 = -5*c + 96. Suppose 4 + 1 = -5*k, 5*k = 6*v - 1919. Calculate the greatest common divisor of v and c.
29
Let k = 15 - 24. Let w = 22 + k. Let y = w + 12. Calculate the greatest common divisor of y and 100.
25
Suppose -z = 4*h - 33, z = -h - 26 + 56. What is the greatest common divisor of 3625 and z?
29
Suppose -2*s = 3*t - 35, -8*s + 4*s = 4*t - 48. Let w = t - -1. Suppose -u + w = -40. Calculate the greatest common divisor of 13 and u.
13
Let f = -914 - -1293. Suppose -5*r - 4*a + 3*a = -f, 3*r - 2*a - 230 = 0. What is the greatest common factor of r and 57?
19
Let a(l) = -127*l**2 - l + 2064. Let p be a(0). What is the greatest common divisor of 624 and p?
48
Let d = 97 + -401. Let c be ((-1)/4)/(4/d). What is the greatest common factor of c and 19?
19
Suppose -11*j = -6 - 5. Let w(m) = 2*m**3 - m**2 - 3*m + 2. Let c be w(2). Let u be ((-4)/c*-58)/j. Calculate the highest common factor of 319 and u.
29
Let x = 24970 + -11759. Calculate the highest common divisor of x and 22.
11
Suppose 3*k - 3*x - 246 = 0, k - 452 = -4*k - 2*x. Calculate the greatest common factor of 32 and k.
8
Let k be ((-150)/12)/(-1) + 2/(-4). Let z be 336/10 - k/20. What is the greatest common factor of 429 and z?
33
Suppose 5*y = -0*t + 2*t + 1375, 4*t = -3*y + 799. Suppose 68*k + 189291 - 191943 = 0. What is the highest common divisor of y and k?
39
Let d be (5/(-2))/((-7)/14). Let j be (-36)/(-15)*20/8. Suppose -5*f - 5*u + j*u + 1 = 0, -17 = -5*f - 3*u. Calculate the highest common divisor of f and d.
1
Suppose c + 5 - 11 = 0. Let u be (5 - (-7)/2)*(-2 + -3 + 17). What is the greatest common factor of c and u?
6
Let b(h) = h**2 + 21*h - 172. Let m be b(-31). Let n be 1 + 3 + (22 - 2). What is the greatest common divisor of m and n?
6
Suppose 3*f - 48 = 5*a, 3*f - 5*f + 32 = -5*a. Suppose 32*j - f = 24*j. Let c = 13 + 1. What is the highest common factor of c and j?
2
Let v = 4 - -11. Let c be 535/v + 4/12. Calculate the highest common factor of c and 198.
18
Suppose -54*m + 113*m - 55*m - 244 = 0. Suppose -4*z = 2*u - 114, -5*z - 405 + 90 = -5*u. What is the greatest common divisor of m and u?
61
Suppose -4*g + 1370 - 73 + 67 = 0. Calculate the greatest common factor of g and 62.
31
Let y = 45 + 48. Let i = 153 - y. What is the highest common factor of 120 and i?
60
Let w(s) = -s**2 - 73*s - 22. Let j be w(-59). Let v = j + -744. Calculate the greatest common factor of 460 and v.
20
Suppose 4*d = -4*x + 36, -3*d + 55*x + 13 = 51*x. What is the greatest common divisor of d and 3?
1
Let x(a) = a**3 - 4*a**2 - 9*a + 8. Let n be x(6). Suppose 206*d = 229*d - 69. Suppose -d*m + n = -7. Calculate the highest common factor of m and 1.
1
Suppose -5*b - 6*b = -154. Let x = 30 - b. Suppose 0 = -47*y + 36*y + 132. Calculate the highest common divisor of y and x.
4
Let t = -530 - -1251. Let y = t - 235. What is the greatest common factor of 6 and y?
6
Suppose 692 = 2*q - 4*b, 0 = -3*q - 10*b + 8*b + 1054. What is the highest common factor of 630 and q?
70
Suppose -4*x - 288 = -3*y + 118, -4*y = 3*x - 558. What is the greatest common factor of y and 7314?
138
Let x = -185 + 178. Let k = 124 + x. Let a be -1*(-153 + -3)/2. What is the highest common divisor of a and k?
39
Suppose 83 - 23 = -4*t. Let n be (-3)/t - 314/(-5). Suppose 0 = 102*q + 13*q + 169*q - 1988. What is the highest common factor of q and n?
7
Suppose -73*k - 120897 - 62055 = -227*k. What is the greatest common divisor of k and 252?
36
Suppose 5*d = -4*h + 18 - 5, 2*h - 2*d = 2. Let s be -13 + 11 - (h + 13/(-1)). Calculate the highest common factor of s and 72.
9
Let k(g) = -43*g + 259. Let t be k(5). What is the greatest common factor of t and 10?
2
Let z = -110 + 157. Suppose -z = -7*g + 58. What is the highest common divisor of g and 195?
15
Let l(k) = 5*k + 21. Suppose 0 = 12*g - 47 - 37. Let z be l(g). What is the highest common divisor of 21 and z?
7
Let n be (-1610)/644*3/(-5)*1624/6. What is the greatest common factor of 742 and n?
14
Suppose 3*k - 6871 = -2*b, -2*b - 294 = -298. Calculate the greatest common divisor of k and 168.
21
Let f = -30 + 45. Let r = 151 - 34. Let c = r - 72. What is the greatest common factor of c and f?
15
Suppose 0 = -7*b + 3214 - 3200. Suppose 0 = -2*w + 75 - 57. Calculate the greatest common divisor of w and b.
1
Let z(t) = -t**2 + 17*t - 40. Let s(l) = -5*l**2 + 86*l - 201. Let x(r) = 2*s(r) - 11*z(r). Let w be x(12). Calculate the highest common factor of w and 64.
2
Suppose 5*d - 2*d - 2 = 2*m, -4*m + 5*d = 2. Suppose -m*y = -4*i + 214, -4*y + 170 + 74 = 4*i. Let r = i - 21. Calculate the highest common divisor of r and 7.
7
Suppose -3*k + 2*u + 23 = 0, 2 = 2*k + 17*u - 15*u. What is the greatest common factor of 1 and k?
1
Let p be -7 + (-270)/(-38) - 12952200/(-228). Calculate the greatest common divisor of p and 216.
216
Let a be (1/(-11) + (-621)/1518)/((-1)/2652). What is the highest common factor of a and 78?
78
Suppose 2*f - 5*u - 20 = -3*u, -46 = -4*f - 2*u. Suppose -1104 = 3*j - f*j. Let z = 201 - j. Calculate the highest common divisor of z and 21.
21
Suppose 0 + 6 = -3*f, -o = 2*f - 291. Suppose -6*n = o - 337. Calculate the highest common divisor of 56 and n.
7
Suppose 4609*t - 4622*t + 328575 = 0. Calculate the highest common factor of t and 25.
25
Let s be (-1 + 2)*((21 - -19) + 17). Calculate the greatest common divisor of 2299 and s.
19
Suppose 4*o + 21 + 3 = 4*a, 3*o + 8 = a. Suppose -9*c + b - 378 = -10*c, b = a*c - 1890. Calculate the greatest common divisor of c and 42.
42
Suppose -2103 = -9*b - 2*g + 184, -b + 3*g = -238. Calculate the highest common divisor of 22 and b.
11
Let t be (-2 + 3)/(2/6). Suppose -2*u - 4 + 2 = -t*i, i + u - 4 = 0. Suppose -s + i = -14. Calculate the greatest common factor of 8 and s.
8
Suppose 0*h = 3*h - 96. Let r be (51/(-2))/(24/h). Let c = r + 56. Calculate the greatest common factor of c and 154.
22
Suppose 0 = -9*n + 374 + 247. Calculate the greatest common divisor of 12144 and n.
69
Let n(a) = -3*a + 60. Suppose 57*d - 12 = 61*d. Let g be n(d). What is the highest common divisor of g and 23?
23
Suppose 2*t - 96 + 666 = 4*y, -143 = -y + t. Suppose -y = -2*f + n, 110 = 4*f + n - 180. Calculate the highest common factor of 9 and f.
9
Let z(n) = -2*n**3 + 17*n**2 + 31*n - 12. Let s be z(8). What is the greatest common factor of s and 1940?
20
Let v be 6/6 + 12 + 2. Suppose 5*n + v = 5*h, -4*h + 8*h = 3*n + 15. What is the highest common divisor of h and 2?
2
Let k(c) = c**2 + 34*c + 238. Let x be k(-26). Suppose -20*m = -x*m + 260. What is the highest common divisor of m and 481?
13
Suppose 65*o + 9204 = 77*o. Suppose -o = -23*